{"id":7,"date":"2022-01-04T20:01:10","date_gmt":"2022-01-04T23:01:10","guid":{"rendered":"https:\/\/escritorioarte.com\/?page_id=7"},"modified":"2022-05-13T17:41:14","modified_gmt":"2022-05-13T20:41:14","slug":"home","status":"publish","type":"page","link":"https:\/\/escritorioarte.com\/","title":{"rendered":"Home"},"content":{"rendered":"\n<div class=\"wp-block-group alignfull is-layout-flow wp-block-group-is-layout-flow\"><div class=\"wp-block-group__inner-container\">\n<div class=\"wp-block-columns alignwide are-vertically-aligned-center is-layout-flex wp-container-3 wp-block-columns-is-layout-flex\">\n<div class=\"wp-block-column is-layout-flow wp-block-column-is-layout-flow\" style=\"--col-width:50%;flex-basis:50%\">\n<p class=\"has-text-color\" style=\"color:#000000;font-size:30px;line-height:1.1\"><strong>Apresenta\u00e7\u00e3o<\/strong><\/p>\n<\/div>\n\n\n\n<div class=\"wp-block-column is-layout-flow wp-block-column-is-layout-flow\" style=\"--col-width:50%;flex-basis:50%\">\n<hr class=\"wp-block-separator has-text-color has-background is-style-wide\" style=\"background-color:#000000;color:#000000\"\/>\n<\/div>\n<\/div>\n\n\n\n<div class=\"wp-block-columns alignwide tw-gutter-large is-layout-flex wp-container-6 wp-block-columns-is-layout-flex\">\n<div class=\"wp-block-column is-layout-flow wp-block-column-is-layout-flow\"><\/div>\n\n\n\n<div class=\"wp-block-column is-layout-flow wp-block-column-is-layout-flow\" style=\"--col-width:75%;flex-basis:75%\">\n<p>A galeria de arte teve seu in\u00edcio com um escrit\u00f3rio aberto em 2006, localizado, assim como a galeria, na SCLN 302, em Bras\u00edlia. O espa\u00e7o, inicialmente criado para abrigar uma biblioteca e incipiente cole\u00e7\u00e3o de arte, aos poucos foi se transformando,\u00a0com\u00a0foco em pesquisa e projetos culturais, assessoria e desenvolvimento de cole\u00e7\u00f5es \u2013 fun\u00e7\u00f5es que continuamos exercendo e aprimorando. \u00c0 sua frente est\u00e1 o colecionador e pesquisador Oto Dias Becker Reifschneider, bacharel em Hist\u00f3ria, mestre em Sociologia e doutor em Ci\u00eancia da Informa\u00e7\u00e3o pela Universidade de Bras\u00edlia.<\/p>\n\n\n\n<figure class=\"wp-block-image size-large\"><img decoding=\"async\" loading=\"lazy\" width=\"1024\" height=\"453\" src=\"https:\/\/escritorioarte.com\/wp-content\/uploads\/2022\/03\/slider_2-1024x453.jpg\" alt=\"\" class=\"wp-image-645\" srcset=\"https:\/\/escritorioarte.com\/wp-content\/uploads\/2022\/03\/slider_2-1024x453.jpg 1024w, https:\/\/escritorioarte.com\/wp-content\/uploads\/2022\/03\/slider_2-300x133.jpg 300w, https:\/\/escritorioarte.com\/wp-content\/uploads\/2022\/03\/slider_2-768x340.jpg 768w, https:\/\/escritorioarte.com\/wp-content\/uploads\/2022\/03\/slider_2-1536x680.jpg 1536w, https:\/\/escritorioarte.com\/wp-content\/uploads\/2022\/03\/slider_2-2048x907.jpg 2048w, https:\/\/escritorioarte.com\/wp-content\/uploads\/2022\/03\/slider_2-1568x694.jpg 1568w\" sizes=\"(max-width: 1024px) 100vw, 1024px\" \/><\/figure>\n\n\n\n<p>Em 2014, com o aumento do acervo e das atividades de pesquisa, expandimos para outro escrit\u00f3rio, e, em 2015, inauguramos o espa\u00e7o da galeria, para abrir ao p\u00fablico o acervo e fazer parte da vida cultural da cidade de forma mais ativa, com a promo\u00e7\u00e3o de artistas e exposi\u00e7\u00f5es. O escrit\u00f3rio, aberto em 2014, abriga hoje uma biblioteca de refer\u00eancia em arte brasileira, com aproximadamente 2 mil volumes, al\u00e9m de materiais para restauro e an\u00e1lise de obras de arte. Prestamos, assim, servi\u00e7os de per\u00edcia e avalia\u00e7\u00e3o de obras de arte, antiguidades e obras raras, avalia\u00e7\u00e3o e intermedia\u00e7\u00e3o de acervos e esp\u00f3lios, consultorias diversas sobre o mercado de arte. Ao longo desses 15 anos participamos de in\u00fameras exposi\u00e7\u00f5es, seja com empr\u00e9stimo de acervo e assessorias diversas, at\u00e9 a elabora\u00e7\u00e3o completa de projetos, incluindo curadoria e produ\u00e7\u00e3o. Parte dos textos elaborados e dos projetos executados est\u00e1 dispon\u00edvel nesta p\u00e1gina<\/p>\n\n\n\n<p>O acervo da galeria, inicialmente especializada em gravura, conta hoje tamb\u00e9m com pinturas, desenhos e esculturas. Ele est\u00e1 sendo catalogado e disponibilizado na loja online, assim como em cat\u00e1logos tem\u00e1ticos. Temos acervos significativos de artistas consagrados como Bruno Giorgi, Darel Valen\u00e7a Lins, Renina Katz, Isabel Pons e Chico da Silva, assim como de artistas representados como Fernando Lopes e Luis Matuto. Atualmente, contamos com obras de mais de 100 artistas em acervo.<\/p>\n<\/div>\n<\/div>\n<\/div><\/div>\n","protected":false},"excerpt":{"rendered":"<p>Apresenta\u00e7\u00e3o A galeria de arte teve seu in\u00edcio com um escrit\u00f3rio aberto em 2006, localizado, assim como a galeria, na SCLN 302, em Bras\u00edlia. O espa\u00e7o, inicialmente criado para abrigar uma biblioteca e incipiente cole\u00e7\u00e3o de arte, aos poucos foi se transformando,\u00a0com\u00a0foco em pesquisa e projetos culturais, assessoria e desenvolvimento de cole\u00e7\u00f5es \u2013 fun\u00e7\u00f5es que&hellip; <a class=\"more-link\" href=\"https:\/\/escritorioarte.com\/\">Continue reading <span class=\"screen-reader-text\">Home<\/span><\/a><\/p>\n","protected":false},"author":1,"featured_media":0,"parent":0,"menu_order":0,"comment_status":"closed","ping_status":"closed","template":"tw-no-title.php","meta":{"_themeisle_gutenberg_block_has_review":false,"spay_email":"","footnotes":""},"_links":{"self":[{"href":"https:\/\/escritorioarte.com\/index.php\/wp-json\/wp\/v2\/pages\/7"}],"collection":[{"href":"https:\/\/escritorioarte.com\/index.php\/wp-json\/wp\/v2\/pages"}],"about":[{"href":"https:\/\/escritorioarte.com\/index.php\/wp-json\/wp\/v2\/types\/page"}],"author":[{"embeddable":true,"href":"https:\/\/escritorioarte.com\/index.php\/wp-json\/wp\/v2\/users\/1"}],"replies":[{"embeddable":true,"href":"https:\/\/escritorioarte.com\/index.php\/wp-json\/wp\/v2\/comments?post=7"}],"version-history":[{"count":17,"href":"https:\/\/escritorioarte.com\/index.php\/wp-json\/wp\/v2\/pages\/7\/revisions"}],"predecessor-version":[{"id":1101,"href":"https:\/\/escritorioarte.com\/index.php\/wp-json\/wp\/v2\/pages\/7\/revisions\/1101"}],"wp:attachment":[{"href":"https:\/\/escritorioarte.com\/index.php\/wp-json\/wp\/v2\/media?parent=7"}],"curies":[{"name":"wp","href":"https:\/\/api.w.org\/{rel}","templated":true}]}}